 a multiple of 49?
False
Is 664472386 a multiple of 10?
False
Does 2926 divide 37637138?
True
Is 24 a factor of 231256625?
False
Does 184 divide 121730536?
True
Is 3053268 a multiple of 102?
True
Does 57 divide 93759999?
False
Does 88 divide 381603788?
False
Does 191 divide 34221090?
False
Is 99287430 a multiple of 30?
True
Does 5 divide 615332578?
False
Is 34 a factor of 2859203820?
True
Does 260 divide 23869040?
True
Is 64 a factor of 917830342?
False
Is 65681140 a multiple of 61?
True
Is 253266430 a multiple of 82?
True
Is 17 a factor of 145722657?
True
Does 47 divide 46738936?
False
Is 2263552 a multiple of 449?
False
Is 1519 a factor of 927940391?
True
Is 3889 a factor of 303046436?
True
Is 404553313 a multiple of 18?
False
Does 3464 divide 178216070?
False
Does 11 divide 159972846?
True
Is 10 a factor of 191496700?
True
Is 451 a factor of 107806589?
True
Is 8055 a factor of 1310508694?
False
Is 145709902 a multiple of 5276?
False
Is 19 a factor of 3663610607?
False
Is 9514117 a multiple of 18?
False
Does 1160 divide 44490640?
True
Is 1175246 a multiple of 2529?
False
Is 56314010 a multiple of 2980?
False
Is 8 a factor of 115321448?
True
Is 16 a factor of 73340328?
False
Does 33 divide 11281352?
False
Is 9 a factor of 284562354?
False
Is 408601710 a multiple of 22?
True
Is 15371937 a multiple of 1138?
False
Is 39206610 a multiple of 4?
False
Is 311 a factor of 8151296?
False
Is 435162341 a multiple of 45?
False
Is 78 a factor of 272786358?
True
Does 88 divide 23814570?
False
Is 15 a factor of 58403380?
False
Is 211 a factor of 91822347?
True
Is 229 a factor of 11471068?
True
Is 548 a factor of 17934944?
True
Is 31 a factor of 50369792?
True
Is 696 a factor of 1112135616?
True
Does 6 divide 123079846?
False
Is 592640947 a multiple of 147?
False
Is 5197572309 a multiple of 1723?
False
Is 197969064 a multiple of 8?
True
Is 2980049132 a multiple of 8?
False
Is 9898144 a multiple of 42?
False
Does 252 divide 119983554?
False
Is 22 a factor of 109031626?
True
Does 14 divide 117172152?
False
Is 178612799 a multiple of 6695?
False
Does 4188 divide 55593338?
False
Is 19626554 a multiple of 6?
False
Is 46209617 a multiple of 2?
False
Is 2418592 a multiple of 16?
True
Is 94100236 a multiple of 35?
False
Is 7373618 a multiple of 119?
False
Is 44732940 a multiple of 210?
True
Does 2969 divide 717295555?
True
Does 76 divide 404434760?
True
Is 26333911 a multiple of 625?
False
Is 22 a factor of 4716191?
False
Does 2 divide 952832?
True
Is 101873952 a multiple of 3?
True
Is 11 a factor of 24008479?
True
Is 632 a factor of 136213696?
True
Does 296 divide 4256480?
True
Does 292 divide 262019515?
False
Is 2612524 a multiple of 1679?
True
Is 338868684 a multiple of 17?
True
Is 4326457571 a multiple of 17?
False
Is 1712 a factor of 1770618631?
False
Does 168 divide 46708196?
False
Is 93 a factor of 15302165?
False
Is 18 a factor of 81292023?
False
Does 306 divide 165655165?
False
Is 689282938 a multiple of 19?
False
Is 46494521 a multiple of 1504?
False
Is 1868 a factor of 220250276?
True
Does 333 divide 25191131?
False
Does 80 divide 213169920?
True
Is 10 a factor of 19402214?
False
Is 965 a factor of 20065245?
True
Is 89 a factor of 100962086?
False
Is 50 a factor of 230421550?
True
Is 44471294 a multiple of 384?
False
Does 15 divide 3384236?
False
Is 91 a factor of 86867918?
False
Does 414 divide 194815747?
False
Is 19042159 a multiple of 573?
False
Is 1066449 a multiple of 13?
False
Is 4258 a factor of 2187558140?
False
Is 6431012 a multiple of 2652?
False
Is 41 a factor of 34265709?
True
Does 341 divide 641421?
True
Does 37 divide 115159376?
False
Is 15 a factor of 120708380?
False
Is 21 a factor of 1030998380?
False
Does 638 divide 99285255?
False
Is 9 a factor of 9194013?
True
Does 13 divide 32304948?
True
Does 3284 divide 485335792?
True
Is 1159571244 a multiple of 1612?
True
Is 35 a factor of 48181851?
False
Is 253 a factor of 46226895?
True
Does 180 divide 110338653?
False
Is 50922189 a multiple of 81?
True
Is 182892214 a multiple of 418?
False
Is 588 a factor of 1228988245?
False
Is 37419746 a multiple of 729?
False
Is 446924992 a multiple of 2512?
True
Is 164 a factor of 728003216?
True
Is 18 a factor of 141784722?
True
Is 8468 a factor of 793866532?
True
Is 159506702 a multiple of 296?
False
Does 243 divide 81826806?
False
Is 16277482 a multiple of 192?
False
Is 2536447355 a multiple of 172?
False
Does 658 divide 1637942633?
False
Is 40038003 a multiple of 556?
False
Does 14 divide 157106068?
True
Does 668 divide 18822904?
True
Is 2916488 a multiple of 74?
True
Does 390 divide 254083226?
False
Is 34209744 a multiple of 328?
True
Does 399 divide 12738873?
True
Is 14 a factor of 79530418?
False
Is 293 a factor of 194291177?
False
Is 8 a factor of 178851358?
False
Is 14587831 a multiple of 18?
False
Does 10 divide 325998700?
True
Is 11 a factor of 437252343?
True
Does 95 divide 5998680?
True
Is 367739836 a multiple of 73?
True
Is 34 a factor of 1856406052?
True
Is 5 a factor of 17853138?
False
Does 627 divide 6217637976?
True
Is 202291978 a multiple of 1439?
False
Is 64 a factor of 737444160?
True
Is 1240 a factor of 27690734?
False
Does 15 divide 637647885?
True
Is 9 a factor of 160081351?
False
Is 9012 a factor of 3572230632?
True
Does 4 divide 27838449?
False
Is 3506662 even?
True
Is 352039083 a multiple of 87?
False
Does 2862 divide 51070202?
False
Is 1981 a factor of 1425373082?
True
Is 577 a factor of 22721106?
True
Is 51871707 a multiple of 378?
False
Does 3 divide 119789771?
False
Does 3 divide 50769780?
True
Is 2378 a factor of 4972431109?
False
Does 490 divide 210125720?
True
Does 11 divide 2687244604?
True
Does 346 divide 4879292?
True
Is 1782720 a multiple of 960?
True
Is 6 a factor of 4661922?
True
Is 2454848569 a multiple of 13668?
False
Does 6 divide 80563752?
True
Does 143 divide 20034443?
True
Is 7 a factor of 179596195?
False
Does 1478 divide 874978956?
True
Is 2991996 a multiple of 1302?
True
Is 89 a factor of 525759312?
True
Is 331928351 a multiple of 114?
False
Is 7 a factor of 59866534?
True
Is 21 a factor of 922825764?
True
Is 37 a factor of 41972846?
False
Is 1395756556 a multiple of 94?
True
Is 551 a factor of 92649733?
False
Is 3816 a factor of 2613126162?
False
Does 17 divide 80683199?
False
Is 48 a factor of 272700288?
True
Is 53 a factor of 410351743?
False
Does 41 divide 80927368?
False
Is 7 a factor of 1748777?
False
Is 38957345 a multiple of 2?
False
Is 1063620090 a multiple of 5070?
True
Is 5173 a factor of 233015323?
False
Is 1354092796 a multiple of 272?
False
Is 193645550 a multiple of 175?
True
Is 154154741 a multiple of 58?
False
Is 22496754 a multiple of 2741?
False
Does 89 divide 221332057?
False
Is 401085223 a multiple of 15?
False
Is 29985451 a multiple of 2811?
False
Does 2035 divide 516016985?
True
Is 72472259 a multiple of 408?
False
Is 7 a factor of 20081089?
True
Is 2593749653 a multiple of 187?
True
Is 406 a factor of 80642156?
True
Does 202 divide 2515810655?
False
Is 30975047 a multiple of 23?
False
Is 165 a factor of 3988069635?
True
Is 163875302 a multiple of 113?
False
Is 266723736 a multiple of 12?
True
Is 28222549 a multiple of 1893?
False
Is 14 a factor of 18036884?
False
Does 30 divide 35933700?
True
Is 769527 even?
False
Does 2 divide 121098948?
True
Does 29 divide 5942653320?
True
Is 19270028 a multiple of 19?
True
Is 1611 a factor of 340330471?
False
Does 74 divide 19029882?
False
Is 3099 a factor of 63154521?
True
Is 14215628 a multiple of 1204?
True
Is 907011652 a multiple of 71?
True
Is 762644 a multiple of 2?
True
Is 7462 a factor of 4419235184?
True
Is 31 a factor of 1706786?
False
Is 3329554 a multiple of 42?
False
Is 1322 a factor of 68732151?
False
Is 23122666 a multiple of 14?
True
Is 14 a factor of 910775639?
False
Is 15829691 a multiple of 1602?
False
Does 21 divide 179236806?
True
Is 6 a factor of 16292062?
False
Is 57 a factor of 647499691?
False
Is 259 a factor of 2656865072?
False
Does 5 divide 249526190?
True
Is 32 a factor of 45445920?
True
Is 176 a factor of 678743824?
True
Is 45873369 a multiple of 9?
True
Does 12 divide 136612574?
False
Is 171169841 a multiple of 2415?
False
Is 1120492546 a multiple of 58?
True
Does 196 divide 596795304?
True
Does 81 divide 12580712